ose -3*l - h + 119 = 0. What are the prime factors of l*((-2)/(-5) - (-63)/(-70))?
89
Suppose 38 = 8*k - 18. Suppose k*x = 2*x + 565. What are the prime factors of x?
113
Suppose 22 = 3*l + 10. What are the prime factors of l/(32/4)*1326?
3, 13, 17
Suppose 2*z - 25714 = -3*q, -5*q - 31*z + 42852 = -30*z. List the prime factors of q.
2, 5, 857
Let b = -26 - -30. Let z be 3/45*3 - (-3904)/80. Suppose b*o + i + z = 134, -5*o = 4*i - 98. List the prime factors of o.
2, 11
Let t(p) = -p**3 - 2*p + 4. Let s be t(0). Suppose -s*q + 125 = -z, 0 = 5*z + 4*q - 310 + 1055. Let f = z + 324. What are the prime factors of f?
179
What are the prime factors of (-15 - (3 + -20))*(10110 + -1 + 2)?
2, 10111
Suppose 2*t + 126 - 578 = 0. Let f = t + 20. List the prime factors of f.
2, 3, 41
Let v = 13921 + -8704. What are the prime factors of v?
3, 37, 47
Let g(p) = -30*p**3 - 2*p**2 + 2. Let c be g(2). Let y = -425 - c. What are the prime factors of y/(-3) - 5/(-15)?
2, 3, 5
Let u(b) = -b**3 - 3*b**2 + 2*b - 7. Let s be u(-6). Let n be (-28488)/(-132) - 14/(-77). Let d = n - s. List the prime factors of d.
127
Suppose 3*m + 12 = 0, 3*m = -9*c + 4*c + 13078. What are the prime factors of c?
2, 7, 11, 17
Suppose -4 = -2*o, d + 3*o + 44 = 2*o. Let y be (5 - 3)*2/((-8)/d). Suppose 11*l + 1716 = y*l. List the prime factors of l.
11, 13
Suppose 0 = 4*j + 39 - 1983. Suppose -13*r - j = -19*r. Let f = r + -76. What are the prime factors of f?
5
Let d(v) = -59*v - 130. Suppose -11*g + 0*g - 88 = 0. What are the prime factors of d(g)?
2, 3, 19
What are the prime factors of 31123 + 70/(-140)*(0 + 0)?
31123
Let l = -330 - -228. Let x = 96 + l. List the prime factors of x*962/(-27) - (-4)/18.
2, 107
Suppose 0 = -38*k + 41826 + 140650. List the prime factors of k.
2, 7
Let q = -10958 + 19389. List the prime factors of q.
8431
Suppose -3*s + 4*p = -128, 2*p + 60 = 5*s - 130. List the prime factors of (87 - 1) + 4*27/s.
89
Let j(h) = h**3 + 3*h**2 - 7*h - 5. Let x be j(-4). Let v = 33 - x. Suppose v*l - 23*l = 81. What are the prime factors of l?
3
Let w(h) = h**2 - 2*h - 66. Let q be w(0). What are the prime factors of (0 - (128 + 1))*44/q?
2, 43
Let m be (5 + -3 - -3) + -661. Let b = m - -974. List the prime factors of b.
2, 3, 53
Suppose -20*h - 18 - 122 = 0. Let l(s) = -2*s**3 - 10*s**2 - s + 13. List the prime factors of l(h).
2, 3
Suppose -6*h + 34660 + 8378 = 0. List the prime factors of h.
3, 797
Suppose -5*b = -3*k - 31, -k - 2*k - b - 1 = 0. What are the prime factors of -52*k*(-2)/(-8)?
2, 13
Let p = 663 + -2. Let z = p + 294. What are the prime factors of z?
5, 191
Suppose -11957 = -4*h + u, -u = -337*h + 341*h - 11947. List the prime factors of h.
2, 3, 83
Let g = -176 + 179. Let x(v) = 88*v - 7. List the prime factors of x(g).
257
Let b be (1/3)/((-6)/(-342)). Let d be 3*(2232/135 + 2/(-10)). Let x = d - b. List the prime factors of x.
2, 3, 5
Let a = 819 - 359. Let w = a - -232. List the prime factors of w.
2, 173
Suppose -27*j + 478 = -2465. Let t = 200 - j. What are the prime factors of t?
7, 13
Let p(d) = 9*d**2 - 10*d + 29. Let u be p(13). Suppose -u = -4*k - v, 0 = -5*k - 4*v + 1261 + 514. What are the prime factors of k?
5, 71
Suppose -7192774 - 8330416 = -190*h. List the prime factors of h.
81701
Suppose 0 = -h - 3 + 2. Let z be (h/(-2))/(8/(-16)). Let x(d) = -85*d + 1. What are the prime factors of x(z)?
2, 43
Let r(i) = 10*i**3 - 2*i**2 + i + 2. Let g(b) = 10*b**3 - b**2 + b + 1. Let t(o) = -5*g(o) + 4*r(o). Suppose -361 = -19*q - 399. List the prime factors of t(q).
73
What are the prime factors of ((3 - 4)/((-15)/840))/((-4)/(-1018))?
2, 7, 509
Suppose 3*r - 58 = -s, -7*s + 5*s - 28 = -2*r. Suppose 24*j = r*j + 2148. List the prime factors of j.
2, 179
Suppose -3*h = -91*x + 96*x - 41396, -4*x + 13801 = h. List the prime factors of h.
3, 7, 73
Let g(c) = -948*c. List the prime factors of g(-9).
2, 3, 79
Suppose -68*x + 79*x - 121 = 0. Let a(t) = t + 13. What are the prime factors of a(x)?
2, 3
Let j = 544 - 269. Suppose -8*d + j = -997. List the prime factors of d.
3, 53
Suppose 9*o = 6*o + 6. Suppose -5*r - 8*t = -12*t - 1020, o*t - 218 = -r. List the prime factors of r.
2, 13
Suppose p - 18 = -5*p. Suppose 5 = 5*s - 0, -4*k + 61 = -p*s. List the prime factors of 1236/k - (-15)/20.
2, 3, 13
Suppose 3*q - 9 = -4*n, -q - 7 = -5*n - 10. Suppose -5*h + 2*m = -291, 7*h - 3*h + 2*m - 222 = n. List the prime factors of h.
3, 19
Let s(h) = -h**3 + 8*h**2 - 9*h + 13. Let m be s(7). List the prime factors of 2 + 758/4 - m/(-2).
191
Suppose 12*y = -4*j + 17*y + 41, -2*j = 4*y + 12. Suppose 6*w = 5*w - 2*s + 391, 0 = 2*s - j. What are the prime factors of w?
3, 43
Let b(y) = -12*y**3 - y**2 - 2*y - 1. Let l be b(-1). Let x(h) = 10*h + 2. Let m(u) = u. Let k(f) = l*m(f) + x(f). List the prime factors of k(1).
2, 3
Suppose 0 = 4*i + s - 11, -3 = -4*i - 2*s + 3. Let f be 491/i + -1 + 3/(-4). Suppose 5*y + 11 - f = 0. What are the prime factors of y?
2, 11
Suppose -184*m - 2140 = -186*m. Suppose -4*n + m = -454. What are the prime factors of n?
3, 127
Let k(y) = y**2 - 20*y + 6. Let h be k(15). Let p = h + 183. Suppose 4*j = p + 198. What are the prime factors of j?
2, 3, 13
Let i(a) be the second derivative of 3*a**3 - 3*a**2/2 - 84*a + 2. Let x be -2 + 1 + 3 + 2. What are the prime factors of i(x)?
3, 23
Suppose 47*l - 327144 - 443002 = 9*l. What are the prime factors of l?
13, 1559
Let o = 21 - 33. Let l(p) = p**3 + 13*p**2 + 5*p + 14. Let d be l(o). List the prime factors of 417/7 + 42/d.
2, 3, 5
Let d = -50 + -116. Let v = -4 - 2. List the prime factors of d*(2 + 15/v).
83
Let b be -35 + (4 - 2 - 4)/(-1). Let q = 146 + b. List the prime factors of -1*-3*q/3.
113
Let u(y) = -3*y**3 + 106*y**2 + 134*y - 30. What are the prime factors of u(-13)?
127, 179
Let s = -245 + 271. Suppose 25*c = s*c - 329. List the prime factors of c.
7, 47
Let n(o) = -o**2 + 3*o - 7. Let i be n(5). Let r = i - 42. Let q = 174 - r. What are the prime factors of q?
233
Let s(k) = 69*k - 61 - 19*k + 41*k. List the prime factors of s(4).
3, 101
Suppose 5*z = 170 + 450. Suppose 270 = -60*k + 66*k. Suppose p - z = k. List the prime factors of p.
13
Suppose -5543 = -4*v - 18323. List the prime factors of (-1)/4 + v/(-12) + 4.
2, 3, 5
Let p(m) = -4*m**2 + 3. Let v(d) = d**3 - 7*d**2 - d + 6. Let a(l) = -5*p(l) + 2*v(l). Let x be a(-5). Let c = x - -176. What are the prime factors of c?
83
Let p be (-4)/(-1) - 15/15. Let t be p*(-1)/(-3)*(9 - 7). Suppose 0 = 2*o - t, -5*f + 2*f + 2*o + 379 = 0. List the prime factors of f.
127
Let g = 105 + -103. Let y be (120/96)/(g/168). Suppose 108*n - y*n - 705 = 0. List the prime factors of n.
5, 47
Suppose -2*f + 12 = 0, -11*f = r - 7*f - 86593. List the prime factors of r.
7, 83, 149
Let j be (-14)/4*(168/49)/(-3). What are the prime factors of 684332/748 + j/34?
3, 5, 61
Suppose 0 = 4*v + 4*h - 10072, -10052 = -4*v - 0*v + h. What are the prime factors of v?
2, 3, 419
Let i be -2*(247/(-4) + (-36)/48). Suppose -i*j = -97*j - 43400. What are the prime factors of j?
2, 5, 31
Suppose -4*f - 1 = -9. Suppose -3*r = 2*m - 12, 2*m + f*r + 6 = 3*m. Suppose 3*o + 357 = m*o. What are the prime factors of o?
7, 17
Suppose -16*v + 25751 = -89753 - 66864. What are the prime factors of v?
2, 41, 139
Suppose 2*u = 7*u + 2*u. Suppose 3*i - 6*i - 2*z + 1087 = u, -718 = -2*i + 2*z. List the prime factors of i.
19
Let l(d) = 13*d + 44*d - 65 + 36 + 40. List the prime factors of l(10).
7, 83
Let s(k) = 39*k**2 - 84*k + 1059. What are the prime factors of s(27)?
2, 3, 13, 349
Suppose -3*i = 3*v - 63726, -3*i + i = -3*i. What are the prime factors of v?
2, 13, 19, 43
Let v(b) = 6*b**2 - b + 6. Let z(g) = -g**2 - g - 1. Let j(n) = -v(n) - 5*z(n). Let h be j(5). List the prime factors of 17/5*(-2 + 28/h).
17
Let m = 64 - 57. Let b(v) = 32*v**3 - v**2 - 4*v + 7. Let t(g) = -21*g**3 + g**2 + 3*g - 5. Let d(n) = m*t(n) + 5*b(n). What are the prime factors of d(2)?
2, 3, 19
What are the prime factors of 4367/132*4*51?
17, 397
Suppose -3*m + 5*u + 77 = 0, -7*u = 5*m - 2*u - 155. Let p = m + -27. Suppose 4*r - 3 = -5*z + 132, -p*r + 65 = 3*z. What are the prime factors of r?
2, 5
Let c be ((-15)/9 + 1)*3. Let w be 0*(-4)/(-6 + c). Suppose w = -85*s + 86*s - 2. List the prime facto